ose 4*m = 4*d + 32, -3*m + m - x*d = -36. Calculate the greatest common divisor of 221 and m.
13
Let k(t) = -t**2 + 26*t - 67. Let c be k(23). Suppose -12 = -i - 4*s, 1 - 4 = 3*s. Calculate the greatest common divisor of c and i.
2
Let n(r) = -r**2 + 10*r - 15. Let q be n(6). Let v be 54/4 - q/18. Let l = 77 + -38. Calculate the highest common divisor of l and v.
13
Let c be 5 + 186/8 + (-9)/36. Calculate the greatest common factor of 8624 and c.
28
Let t = -9993 - -11283. What is the highest common factor of 120 and t?
30
Let c(q) = q**2 + 17*q - 15. Let k be -46*(-3 + (-15)/(-6)). Let o = k - 41. Let w be c(o). What is the highest common factor of w and 3?
3
Let h = -30 - -36. Let i be 3/(h/(-25))*(-8)/5. Let m be (-8)/i - (222/(-5) + -1). Calculate the greatest common divisor of m and 18.
9
Suppose a - 13135 = -4*q, 133*a - 129*a = 3*q - 9837. What is the highest common divisor of q and 98?
49
Let i(p) = 12*p**2 + 28*p + 141. Let x be i(-6). What is the highest common divisor of 162 and x?
81
Suppose 7*x - 26002 + 24826 = 0. What is the highest common divisor of 6048 and x?
168
Let o be 256/6 + (-16)/120*5. Let i be 2 - 3 - (-88)/1. Let m = i + -45. Calculate the greatest common divisor of o and m.
42
Suppose -10*i = -9*i - 5. Let q be 5 + (-3 - (4 - i)). Suppose -q*o + 8*o - 35 = 0. Calculate the greatest common factor of o and 2.
1
Suppose v = v + 10*v - 2530. Calculate the greatest common divisor of 46 and v.
23
Let j = 11 + -10. Let r be -9*(24/(-9) - j). Suppose 36*w + 21 = 43*w. What is the highest common divisor of r and w?
3
Let o(l) = 539*l - 3067. Let j be o(10). What is the greatest common divisor of 1616 and j?
101
Let u(a) = a**2 + 66*a + 826. Let r be u(-15). What is the greatest common divisor of r and 1159?
61
Let p be (-176)/40*(5 - 15). Suppose -2*n = o + n - p, 40 = o + 5*n. Calculate the highest common factor of o and 30.
10
Let a(k) = -136*k**2 - 823*k + 10. Let j be a(-6). What is the highest common factor of 26988 and j?
52
Let c be (-130)/(-1) + -21 + 34. What is the greatest common divisor of c and 4?
1
Let i = 33 + -22. Let c(h) = 12*h - 13*h**2 - 11 - h**3 + i*h**2 + 10*h**2. Let z be c(9). Calculate the greatest common factor of z and 40.
8
Let f = -19 - -46. Let c(s) = 2*s**2 - 10*s - 8. Let l be c(6). Let x be 3/l - (-264)/32. What is the highest common factor of f and x?
9
Suppose d - 3*r = -0*d + 18, 0 = r + 5. Suppose 4 = -2*y + d*u, 0 = u - 2. Let s be y/((-3 + 2)*1) - -25. What is the highest common divisor of 24 and s?
24
Let f(v) = -21*v + 1452. Let i be f(66). Suppose -5*s + 821 = 4*k, 0*s = 2*s - 5*k - 335. What is the highest common factor of i and s?
33
Suppose 0 = 7*y - 222*y + 548250. What is the highest common factor of 1190 and y?
170
Let p(f) = f**2 - 2. Let l be p(2). Suppose -l*q + 7*q - 30 = 0. Suppose -12 = -q*k + 18. Calculate the greatest common factor of 5 and k.
5
Suppose -4*l + 0*l + 112 = 0. Suppose -27*c = -25*c + 6. Let s(d) = 2*d**2 - 2*d - 10. Let b be s(c). What is the greatest common factor of l and b?
14
Suppose 3121 - 246 = 23*f. Let q = 9 + -6. Suppose -q*b + f + 172 = 0. What is the greatest common factor of b and 9?
9
Suppose -120*z - 3063 = -5*n - 117*z, -n + 3*z = -615. What is the greatest common factor of n and 2196?
36
Let s(g) = -10*g - 64. Let j be (-110)/12 - 3/(-18). Let u be s(j). What is the highest common factor of u and 221?
13
Suppose 7487 + 3737 = 5*c + q, -q - 2240 = -c. What is the greatest common divisor of c and 3264?
204
Let m be ((-1652)/295)/(1 + 53/(-55)). Let h be m/(-8) - (217/(-28) + 7). Calculate the greatest common factor of 65 and h.
5
Let b = 2 + 86. Suppose 2*n = -g + 94, -5*n = g - 0*n - b. What is the greatest common factor of g and 56?
14
Let s(r) = 19*r - 7. Let o be s(11). Let n = o - 400. Let v be (n/(-4))/(15/20). What is the greatest common factor of v and 22?
22
Let j(z) = z**2 - 75*z - 64. Let q be j(82). What is the highest common factor of q and 60?
30
Let m(x) = 2. Let z(h) = 21*h + 3. Let y(c) = -3*m(c) - z(c). Let k be y(-2). Calculate the greatest common divisor of 363 and k.
33
Suppose -5*l = 3*d - 101, 0 = -5*l - 23 - 2. Let k = 477 + -15. Calculate the highest common divisor of k and d.
42
Suppose -3*n = -4*l - 17, 5*n = -4*l + 19 + 20. Let j(b) = 113*b - 31*b - 25*b + 3 - 4. Let x be j(1). What is the highest common factor of x and n?
7
Suppose -3*i + 3 = -48. Suppose 15*a - i*a - 22 = 0. Let y be 238/6 + a/(-33) - 0. What is the greatest common factor of 5 and y?
5
Let n be (-54864)/(-84) + 6/(-42)*-6. What is the greatest common factor of 12 and n?
6
Let z(j) = -j**3 + 41*j**2 + 46*j - 86. Let i be z(42). Let m = 22 + 19. Calculate the greatest common factor of m and i.
41
Let b(k) = 11*k**2 + 35*k + 108. Let q be b(-11). Suppose -o - 2*u - q = -3*o, -3*u - 1051 = -2*o. What is the greatest common factor of 10 and o?
10
Let u(b) = b**3 - 13*b**2 - 13*b - 8. Let q be u(14). Suppose 80 = q*i - 2*i. Let g be -10*(155/(-10) - -12). What is the highest common divisor of g and i?
5
Suppose 0 = 3*g + 5*j - 825, -4*g + 6*j = 3*j - 1129. Let d be 240*(-5 + 235/42 - (-38)/(-399)). What is the highest common divisor of d and g?
40
Let u = -52 - -55. Let v be (6/9)/(2/u). Suppose 7 = t + v. Calculate the greatest common factor of t and 48.
6
Let i be (60/5 - 5) + 17. Suppose -16*q + i = 8*q. Suppose -3*w - 5*x = -0 + 22, w = 3*x + 16. What is the greatest common divisor of q and w?
1
Suppose -3*v + 3*p = -114, -v + 4*p = -5*v + 192. Let j be (3/(-4))/(9/(-516)). What is the greatest common factor of v and j?
43
Let n be ((-148)/6)/(1/(-3)). Let m = -50 + n. Calculate the highest common factor of 56 and m.
8
Let t = 15436 - 14402. Calculate the greatest common divisor of t and 329.
47
Let o(v) = v**2 + v - 2. Let y be o(7). Suppose 0 = 27*c + 714 - 2658. Calculate the highest common divisor of c and y.
18
Let h be 691/6 + (-7)/(252/6). Let i = h - 113. Calculate the greatest common factor of i and 3.
1
Suppose -37073 + 20600 - 32499 = -28*v. Calculate the greatest common divisor of 297 and v.
33
Let z = 793 + -289. Let s = z - 498. Calculate the highest common factor of 564 and s.
6
Let x be 26/39*3 + (1 - 0). Suppose -x = -4*k + 417. Calculate the greatest common factor of k and 30.
15
Suppose -45*k = 43*k - 724 - 1212. Calculate the greatest common factor of k and 154.
22
Let q(u) = -25*u + 113. Let m be q(4). What is the highest common divisor of 1339 and m?
13
Let l(q) = 10*q + 119. Let t be l(50). What is the highest common divisor of 1 and t?
1
Let f be 1/1*(8 - 5)*1. Suppose 0 = -w - 2*h - f, w = -2*w + 3*h + 18. Let g be 108/(-14)*((-29)/w - -5). What is the greatest common factor of g and 4?
4
Let z be (198/(-5))/((-700)/(-875)*(-1)/2). Suppose o + 4*t = 27, -o = -t + 4*t - 23. What is the highest common divisor of o and z?
11
Let l = -3 + -24. Let h be ((-9)/l - 38/(-3)) + -3. Let s be (h/6 - -1)*(30 + -9). What is the greatest common factor of s and 7?
7
Let k be (-108)/63*(-56)/20*2180/6. What is the greatest common divisor of 208 and k?
16
Suppose -686*z + 1584 = -598*z. What is the greatest common divisor of 26361 and z?
9
Suppose 192*b = 185*b + 1372. What is the highest common factor of b and 28?
28
Suppose -37 - 44 = -3*t. Suppose -4*c + 195*g = 199*g - 900, 4*c - 5*g - 819 = 0. Calculate the greatest common factor of c and t.
27
Suppose -2*g + 96218 + 35974 = 3*b, 176273 = 4*b - 3*g. What is the highest common divisor of b and 22?
22
Let u = -4436 - -5686. Calculate the highest common factor of 90 and u.
10
Let m be ((-2)/6)/(150/4050) - -33. What is the highest common divisor of m and 3960?
24
Let j(a) = -2*a**2 + 13*a + 168. Let t be j(12). What is the greatest common factor of t and 7164?
36
Suppose 12*g + 522 = -1170. Let d = g + 181. Calculate the greatest common factor of d and 100.
20
Let d(s) = -s**2 + 20*s - 47. Let p be 12 - ((-31)/(-124) + 42/(-8)). Let u be d(p). What is the highest common factor of 140 and u?
4
Suppose 0 = -75*h + 29171 + 13792 + 9912. Calculate the highest common divisor of h and 15.
15
Let b = -219 - -196. Let f(l) = l**2 + 22*l + 47. Let o be f(b). Calculate the highest common factor of 10 and o.
10
Let l = 92 + -90. Suppose -l*i = x - 14, 0 = 2*x - 5 - 3. Suppose -6*n = i*m - n -